site number?
True
Is 38703323 prime?
False
Is 5171717 a composite number?
True
Is 876121 a prime number?
True
Is 954389009 prime?
False
Is 22457443 a composite number?
False
Is 255566033 prime?
True
Is 3088213 prime?
True
Is 537413 a composite number?
False
Is 18486359 a composite number?
False
Is 60637055 a composite number?
True
Is 4012901 a prime number?
False
Is 88865311 prime?
True
Is 5137651 a prime number?
True
Is 70403 prime?
False
Is 4994851 a composite number?
False
Is 22699682 a composite number?
True
Is 2028019 a composite number?
True
Is 8547804643 composite?
True
Is 20061211 a prime number?
False
Is 1008327 composite?
True
Is 11286959 a prime number?
True
Is 140021837 composite?
True
Is 69907 a composite number?
True
Is 593983 a composite number?
True
Is 28235842 a composite number?
True
Is 83464957 a composite number?
False
Is 3236587 a prime number?
True
Is 256083 prime?
False
Is 22534387 prime?
True
Is 82094633 a prime number?
False
Is 215869 prime?
False
Is 1773416247 prime?
False
Is 33611447 composite?
False
Is 136410581 a prime number?
True
Is 690243 a composite number?
True
Is 3214577 composite?
True
Is 622367 a prime number?
True
Is 148940569 prime?
True
Is 5827037 composite?
False
Is 8421641 prime?
True
Is 611116491 a composite number?
True
Is 8522749 prime?
True
Is 1164542935 prime?
False
Is 611513833 a composite number?
True
Is 10896103 a prime number?
True
Is 1506363 composite?
True
Is 14183527 composite?
False
Is 12199507 a prime number?
True
Is 3894581 a prime number?
False
Is 5576759 composite?
False
Is 1043387 composite?
True
Is 4568059 prime?
True
Is 589645549 composite?
True
Is 37476853 composite?
True
Is 4258379 composite?
False
Is 408308321 composite?
True
Is 164048369 a prime number?
True
Is 16233421 a composite number?
False
Is 405747817 composite?
True
Is 59499701 a composite number?
True
Is 17904011 a prime number?
False
Is 15095589 prime?
False
Is 99748469 a composite number?
True
Is 2134409 a prime number?
True
Is 2513327 prime?
True
Is 10918289 composite?
False
Is 17560397 prime?
True
Is 4867399 composite?
False
Is 12247393 a prime number?
False
Is 20415365 prime?
False
Is 311953303 a composite number?
True
Is 5011043 a prime number?
True
Is 937332793 composite?
False
Is 204843 composite?
True
Is 1347419 composite?
True
Is 11270729 a prime number?
True
Is 22566499 prime?
False
Is 710189 a prime number?
True
Is 7724381 prime?
False
Is 2024471 prime?
True
Is 102041657 prime?
True
Is 5759569 a composite number?
True
Is 8474407 a composite number?
False
Is 3127471 composite?
True
Is 17446753 a prime number?
False
Is 25899655 a prime number?
False
Is 80014049 a composite number?
True
Is 290500381 composite?
False
Is 382331 a prime number?
True
Is 11162027 composite?
True
Is 19128355 prime?
False
Is 2062579 composite?
True
Is 464437 composite?
False
Is 16553765 a prime number?
False
Is 478347527 a composite number?
True
Is 1984807 composite?
True
Is 2408389 a composite number?
False
Is 12228061 a composite number?
False
Is 22902647 composite?
False
Is 100000487 composite?
True
Is 433319807 a composite number?
False
Is 399603 a prime number?
False
Is 8515177 prime?
False
Is 70460161 a composite number?
True
Is 2768177 composite?
False
Is 111911159 prime?
False
Is 1979993 composite?
False
Is 3781213 a composite number?
False
Is 147542219 a prime number?
False
Is 576519 a composite number?
True
Is 395953 a composite number?
False
Is 4963454 a composite number?
True
Is 28761319 composite?
True
Is 18510951 a prime number?
False
Is 3577449 prime?
False
Is 10626629 composite?
True
Is 14885261 a prime number?
True
Is 13092587 a composite number?
True
Is 12052639 a composite number?
True
Is 1603237 a composite number?
False
Is 2998381 a composite number?
False
Is 70467223 composite?
False
Is 3899101 prime?
True
Is 24046513 composite?
True
Is 696614 prime?
False
Is 2577791 a prime number?
True
Is 125085333 prime?
False
Is 91835881 prime?
True
Is 9310393 a prime number?
True
Is 202403 composite?
False
Is 6718027 composite?
True
Is 12902263 a composite number?
True
Is 2134889 a composite number?
True
Is 8451619 prime?
False
Is 4205713 a prime number?
True
Is 30919849 prime?
True
Is 293382251 a composite number?
False
Is 18907453 prime?
False
Is 6508927 composite?
True
Is 243477139 a prime number?
False
Is 16636303 a prime number?
True
Is 2768341 a composite number?
False
Is 370871 a composite number?
False
Is 9331059 a prime number?
False
Is 1068191 composite?
False
Is 21256229 composite?
False
Is 14689481 a composite number?
True
Is 124814143 a composite number?
False
Is 258137755 composite?
True
Is 262613419 prime?
False
Is 1166791 a composite number?
True
Is 189977 a composite number?
False
Is 1237760243 prime?
True
Is 1221101 prime?
False
Is 54581171 a prime number?
False
Is 2699269 a prime number?
True
Is 649525367 prime?
True
Is 10676171 a prime number?
False
Is 3905157 prime?
False
Is 24661534 composite?
True
Is 33771839 a prime number?
False
Is 671581 a composite number?
False
Is 2240501 a composite number?
True
Is 27002631 composite?
True
Is 5726769 a composite number?
True
Is 3567239 a composite number?
True
Is 63637 composite?
True
Is 1856671 prime?
False
Is 3662839 prime?
False
Is 357421 composite?
False
Is 53311991 composite?
False
Is 8746609 composite?
False
Is 55559677 a composite number?
False
Is 9114347 composite?
True
Is 107045173 prime?
False
Is 151247533 composite?
False
Is 357510479 a composite number?
True
Is 37129601 composite?
False
Is 891133 composite?
False
Is 311533 prime?
True
Is 1747567 a composite number?
True
Is 15186419 a prime number?
True
Is 141656231 a composite number?
False
Is 311614085 a prime number?
False
Is 205619 composite?
False
Is 14865419 a prime number?
True
Is 2570533 a prime number?
False
Is 84372835 prime?
False
Is 63534451 prime?
True
Is 57348155 prime?
False
Is 11728697 a composite number?
False
Is 95120413 prime?
True
Is 181699829 a prime number?
True
Is 5307199 prime?
True
Is 79039087 a composite number?
False
Is 105981329 prime?
False
Is 2801993 prime?
False
Is 1688431 composite?
True
Is 99871351 a prime number?
False
Is 99887 a composite number?
True
Is 15867707 prime?
False
Is 93196849 composite?
False
Is 12572837 a composite number?
False
Is 1225351 prime?
False
Is 14618141 a prime number?
True
Is 5348582 composite?
True
Is 1570063 a prime number?
False
Is 40475021 a composite number?
True
Is 4978937 a composite number?
False
Is 11988413 composite?
True
Is 20625121 prime?
False
Is 6966917 a prime number?
False
Is 34883003 prime?
False
Is 104973203 prime?
True
Is 2230847 a prime number?
False
Is 2603819 a prime number?
True
Is 253773653 a composite number?
True
Is 12025253 a composite number?
False
Is 12974351 composite?
True
Is 660643 a composite number?
False
Is 25877459 a composite number?
True
Is 3224401 a prime number?
True
Is 5508827 composite?
False
Is 19687 composite?
False
Is 3802343 composite?
False
Is 790207 a composite number?
True
Is 14461367 a composite number?
True
Is 41843543 a composite number?
True
Is 255461777 a composite number?
False
Is 132203 composite?
True
Is 31244771 prime?
True
Is 410444659 a prime number?
True
Is 580875587 a prime number?
False
Is 19932533 a composite number?
True
Is 5311487 a composite number?
False
Is 11797649 a composite number?
True
Is 250584731 a composite number?
False
Is 1129938053 prime?
True
Is 54431053 prime?
False
Is 199504033 composite?
False
Is 1107851 composite?
False
Is 2358973 a composite number?
True
Is 34974239 a prime number?
True
Is 24815303 a prime number?
True
Is 1214084863 composite?
True
Is 1155373 composite?
False
Is 10649963 composite?
True
Is 320172631 composite?
False
Is 49959761 prime?
False
Is 118686171 composite?
True
Is 301747 a composite number?
False
Is 15786871 a prime number?
True
Is 9518602 composite?
True
Is 260068349 composite?
True
Is 31088251 a prime number?
False
Is 51731915 a prime number?
False
Is 413385733 composite?
True
Is 532054849 prime?
True
Is 75492841 prime?
False
Is 1734778 a prime number?
False
Is 956143067 a composite number?
True
Is 143649433 composite?
True
Is 187769698 composite?
True
Is 104308147 composite?
True
Is 11160007 prime?
False
Is 5997709 prime?
False